)?
5235
Let a(q) = -q**3 + 11*q**2 + 188*q - 408. Determine a(2).
4
Let c(u) = 4838*u - 353170. What is c(73)?
4
Let a(b) = 33*b**2 + 505*b + 3560. What is a(-7)?
1642
Let k(v) = -76502*v + 3672087. Give k(48).
-9
Let h(q) = -2*q**2 + 279*q - 7027. Determine h(115).
-1392
Let d(j) = 117*j**3 + 21405*j**2 - 1115*j - 3114. What is d(-183)?
-3
Let f(n) = -3*n**3 - 3064*n**2 + 2330*n + 292306. What is f(-1022)?
14
Let w(y) = y**2 - 68*y - 10199. Give w(125).
-3074
Let h(q) = -11*q**2 + 226*q + 1361. Calculate h(-5).
-44
Let b(d) = d**3 + 120*d**2 - 1410*d - 181674. Determine b(-119).
277
Let y(q) = -105*q + 1229. Determine y(16).
-451
Let b(f) = -9*f**3 - 121*f**2 + 321*f + 376. Determine b(3).
7
Let k(i) = -i**3 - 194*i**2 - 1998*i + 25209. Give k(-19).
-4
Let z(b) = -3*b**3 + 15*b**2 - 30*b + 279. Give z(10).
-1521
Let r(k) = 983*k**2 - 5913*k + 14. Calculate r(6).
-76
Let z(a) = -485*a - 37327. Calculate z(-77).
18
Let v(t) = -2*t**2 + 189*t - 2433. What is v(13)?
-314
Let v(d) = 1211*d - 264003. What is v(218)?
-5
Let j(g) = 544*g + 13496. Calculate j(-19).
3160
Let z(c) = 214653*c - 214629. Determine z(1).
24
Let u(r) = 3*r**2 - 1216*r - 20140. Give u(-16).
84
Let s(t) = t**2 + 2572*t + 681892. Calculate s(-300).
292
Let n(o) = 126*o**3 + 5*o**2 + 70*o - 141. Give n(2).
1027
Let f(u) = 534*u**2 + 42722*u + 143. Calculate f(-80).
-17
Let g(c) = -c**3 - 40*c**2 - 34*c - 3021. Determine g(-41).
54
Let q(u) = 71*u**2 - 4548*u + 9038. Determine q(62).
-14
Let v(i) = -6*i**3 + 152*i**2 - 757*i + 48. Determine v(6).
-318
Let h(x) = 3*x**3 + 125*x**2 - 220*x - 284. Give h(-43).
1780
Let j(z) = -348*z**2 + 33410*z + 231. Determine j(96).
423
Let t(v) = -3*v**2 + 1352*v - 1111. Give t(450).
-211
Let i(n) = n**2 - 175*n - 127. Determine i(17).
-2813
Let v(x) = -534*x + 49773. Give v(89).
2247
Let f(w) = w**3 - 7*w**2 + 123318*w - 616506. Calculate f(5).
34
Let z(m) = 3*m**3 + 2226*m**2 + 11049*m + 13. Give z(-5).
43
Let p(a) = -a**3 - 9*a**2 + 15*a - 172. Determine p(-11).
-95
Let t(j) = -3*j**2 - 123*j - 1301. Determine t(-9).
-437
Let p(m) = m**3 - 11*m**2 + 180*m + 939. What is p(-4)?
-21
Let o(l) = 285864*l - 47453421. Determine o(166).
3
Let t(c) = -5157*c + 232104. Calculate t(45).
39
Let n(i) = i**2 + 518*i + 5558. What is n(-11)?
-19
Let l(f) = 160*f - 40354. Calculate l(253).
126
Let b(o) = -343*o + 19309. Determine b(56).
101
Let m(i) = -249*i + 17803. Calculate m(70).
373
Let d(v) = -29*v + 4034. Calculate d(138).
32
Let n(y) = -y**3 + 310*y**2 - 172*y - 42215. Give n(309).
118
Let s(j) = -14*j**3 - 172*j**2 + 1446*j + 47. Determine s(-18).
-61
Let n(g) = -3407*g + 27502. Give n(8).
246
Let c(s) = -1094*s + 21062. What is c(20)?
-818
Let r(k) = -3*k**3 + 14*k**2 - 99*k + 10. Give r(10).
-2580
Let s(q) = -83*q - 878. Determine s(-19).
699
Let v(o) = -2*o**3 - 443*o**2 - 22386*o - 1. Calculate v(-78).
-1
Let z(w) = 538248*w - 5382477. What is z(10)?
3
Let g(r) = -116*r + 5705. Calculate g(50).
-95
Let x(j) = 312671*j - 5628076. What is x(18)?
2
Let k(v) = 12*v**2 + 655*v + 957. Give k(-53).
-50
Let b(n) = -2*n**2 + 85*n + 778. Determine b(41).
901
Let j(b) = 13958*b - 111656. Give j(8).
8
Let r(f) = 253896*f + 1523362. Calculate r(-6).
-14
Let l(a) = -a**2 + 1522*a - 21021. Determine l(14).
91
Let k(c) = -11*c**3 + 299*c**2 + 1118*c - 31716. Determine k(27).
-72
Let n(j) = -j**2 + 2229*j + 224983. Determine n(-97).
-639
Let j(l) = -3*l**2 + 314*l - 8320. Give j(31).
-1469
Let z(j) = 2*j**2 + 150*j - 65. Calculate z(-73).
-357
Let h(c) = -7*c**3 + 544*c**2 + 118*c - 292. Calculate h(78).
-3256
Let v(h) = -9066*h + 20871. What is v(2)?
2739
Let j(k) = -42*k**2 + 12264*k - 13. What is j(292)?
-13
Let r(t) = -t**3 - 477*t**2 - 1144*t - 92031. What is r(-475)?
119
Let j(c) = -c**3 + 15*c**2 - 962*c + 6351. What is j(7)?
9
Let v(j) = -2907*j + 135. Give v(0).
135
Let h(l) = 19*l**2 + 256*l + 592. Calculate h(-3).
-5
Let g(s) = -276*s**3 + 5*s**2 - 1043*s - 1048. What is g(-1)?
276
Let i(z) = -71*z + 2345. Give i(32).
73
Let t(s) = -s**3 + 86*s**2 - 361*s + 309. What is t(81)?
3873
Let p(g) = 25*g**2 + 1067*g - 3465. What is p(3)?
-39
Let x(h) = 2*h**2 - 8776*h - 158634. Give x(-18).
-18
Let o(d) = -43*d - 8016. Determine o(-185).
-61
Let p(i) = 2*i**3 + 34*i**2 + 62*i + 1191. Give p(-17).
137
Let s(q) = -6*q**3 + 108*q**2 - 491*q + 8886. Calculate s(18).
48
Let n(l) = -6*l**3 + 807*l**2 - 421*l + 1054. Calculate n(134).
-1492
Let i(x) = 3249*x - 178699. Give i(55).
-4
Let w(l) = l**3 - 5*l**2 - 65*l - 15. Calculate w(-8).
-327
Let w(l) = -7*l**3 + 30*l**2 + 2984*l - 2109. What is w(-19)?
38
Let p(d) = -2*d**3 - 88*d**2 - 7055*d - 299650. Give p(-43).
17
Let i(g) = -2*g**3 + 451*g**2 - 17831*g - 15848. What is i(174)?
-14
Let f(y) = -y**3 + 110*y**2 + y - 12037. What is f(109)?
-47
Let k(r) = 13391*r + 3977130. What is k(-297)?
3
Let m(o) = 4*o**2 - 1281*o + 39190. What is m(286)?
8
Let v(q) = 2693*q + 10872. Give v(-4).
100
Let f(i) = 1119*i**2 - 5720*i - 4. Calculate f(6).
5960
Let w(k) = -k**2 + 17799*k - 462083. What is w(26)?
15
Let f(t) = 35*t - 522. Calculate f(49).
1193
Let u(j) = 2467*j + 318279. Calculate u(-129).
36
Let l(r) = -4*r**3 + 205*r**2 - 206*r - 2203. What is l(50)?
-3
Let r(u) = 626*u - 10103. Calculate r(16).
-87
Let b(g) = -148*g**3 + 8*g**2 + 34844*g - 34851. Determine b(1).
-147
Let c(m) = 3*m**2 - 61*m - 1667. What is c(-28)?
2393
Let u(n) = 1628*n**2 + 151401*n - 214. What is u(-93)?
65
Let g(c) = -2898*c - 20278. Calculate g(-7).
8
Let v(m) = -2415*m - 760657. What is v(-315)?
68
Let n(r) = -46*r**3 - 323*r**2 - 35*r - 373. Determine n(-7).
-177
Let k(n) = 650*n**3 - 2*n**2 - 904*n - 903. Calculate k(-1).
-651
Let w(d) = 1229*d**2 - 1246*d + 3. Calculate w(1).
-14
Let r(j) = -j**3 - 251*j**2 - 1676*j + 190. What is r(-7)?
-34
Let y(a) = -72*a**2 + 2658*a + 229. Determine y(37).
7
Let j(h) = 1084*h**2 - 59614*h - 280. Calculate j(55).
50
Let t(i) = 767*i - 36766. Calculate t(46).
-1484
Let g(v) = 2*v**3 - 38*v**2 - 21*v + 23. Give g(15).
-2092
Let a(v) = -v**3 - 101*v**2 - 23*v - 2160. Calculate a(-101).
163
Let m(c) = 1775*c + 110509. What is m(-63)?
-1316
Let a(r) = -2979*r + 74242. What is a(25)?
-233
Let c(u) = u**2 - 304*u + 12704. What is c(50)?
4
Let l(i) = -42640*i - 85282. Give l(-2).
-2
Let l(d) = -2*d**3 - 383*d**2 - 604*d - 6489. What is l(-190)?
-29
Let v(r) = -10928*r + 950697. What is v(87)?
-39
Let c(o) = 3*o**2 - 444*o + 6709. Calculate c(131).
28
Let v(i) = -2868*i - 183622. Calculate v(-64).
-70
Let j(c) = -c**3 - 32*c**2 - 12*c - 287. Give j(-32).
97
Let i(g) = 83*g**3 + 420*g**2 + 3*g + 55. Determine i(-5).
165
Let t(i) = -i**2 - 31*i - 712. What is t(-55)?
-2032
Let w(x) = 87*x**2 - 1841*x + 93. Give w(21).
-201
Let a(v) = 2*v**3 - 270*v**2 + 9031*v - 154. Calculate a(61).
29
Let p(i) = -57*i**2 + 693*i + 598. Give p(13).
-26
Let w(n) = -791372*n - 5539612. Calculate w(-7).
-8
Let w(u) = 4084*u**2 + 191990*u + 1982. Give w(-47).
8
Let u(b) = 3*b**3 + 26*b**2 - 147*b + 52. What is u(8)?
2076
Let n(i) = -i**3 - 27*i**2 + 754*i + 20497. Give n(-28).
169
Let g(z) = -126*z**2 - 41455*z - 352. What is g(-329)?
-23
Let l(h) = 247*h**2 + 10*h - 7. Determine l(1).
250
Let y(h) = -h**2 + 3270*h + 203005. What is y(-61)?
-186
Let x(l) = -98*l**2 - 91*l - 11. Calculate x(4).
-1943
Let r(u) = u**3 - 107*u**2 + 41*u - 4382. What is r(107)?
5
Let j(p) = -12*p**3 - 2023*p**2 + 9167*p - 349. Give j(-173).
-3
Let a(j) = 124*j**3 + 7*j**2 - 4*j + 39. Give a(-2).
-917
Let f(b) = 9*b**2 - 11093*b + 120938. Calculate f(11).
4
Let u(o) = 3*o**2 - 76*o + 284. What is u(5)?
-21
Let f(q) = 2*q**3 - 150*q**2 + 2060*q + 73. What is f(18)?
217
Let r(x) = -62*x**2 - 501*x + 62644. What is r(28)?
8
Let t(z) = -2*z**2 + 2229*z - 136423. Calculate t(65).
12
Let j(x) = -x**3 - 21*x**2 - 110*x - 429. Give j(-6).
-309
Let x(z) = 6*z**3 - 21*z**2 - 192*z + 592. Calculate x(3).
-11
Let k(q) = 8*q**2 - 17*q - 56. Give k(-4).
140
Let v(i) = 2*i**2 - 2818*i + 527326. Determine v(222).
298
Let r(t) = -46*t**3 - 2*t**2 - 239*t + 473. What is r(2)?
-381
Let o(p) = 362802*p + 4353488. Calculate o(-12).
-136
Let s(h) = -1413*h - 163966. Calculate s(-116).
-58
Let x(u) = -268*u - 5482. Give x(-16).
-1194
Let a(m) = -42435*m + 1485235. Give a(3